isor of 205863 and 49.
7
Calculate the highest common factor of 77196 and 168.
84
What is the greatest common factor of 1665 and 180?
45
What is the greatest common factor of 16276 and 884?
52
Calculate the greatest common factor of 3650 and 212138.
146
Calculate the greatest common factor of 1171456 and 572.
572
Calculate the greatest common divisor of 33 and 632027.
11
Calculate the greatest common divisor of 1733 and 89.
1
Calculate the highest common divisor of 9504 and 3360.
96
Calculate the highest common divisor of 4361 and 6027.
49
What is the greatest common factor of 109 and 379320?
109
Calculate the greatest common factor of 3193 and 1236.
103
Calculate the greatest common divisor of 1734 and 306.
102
What is the greatest common factor of 2245266 and 216?
54
Calculate the greatest common divisor of 563615 and 580.
145
What is the greatest common divisor of 90 and 3046770?
90
What is the highest common factor of 145020 and 6?
6
Calculate the highest common factor of 740 and 132.
4
Calculate the highest common factor of 43 and 2590793.
43
Calculate the highest common factor of 85432 and 16652.
724
What is the greatest common factor of 36 and 48504?
12
Calculate the greatest common divisor of 1110363 and 3.
3
What is the highest common factor of 36 and 12114?
18
Calculate the greatest common factor of 33428 and 14248.
548
Calculate the greatest common factor of 276692 and 2652.
884
Calculate the greatest common divisor of 836 and 21527.
209
Calculate the highest common divisor of 255 and 134997.
51
What is the highest common divisor of 1166022 and 1144?
286
Calculate the greatest common divisor of 3042 and 5915.
169
What is the greatest common factor of 6840 and 10008?
72
Calculate the greatest common factor of 63758 and 639.
71
Calculate the greatest common divisor of 2985 and 15.
15
What is the greatest common factor of 3101 and 8617?
7
What is the highest common factor of 1119124 and 2032?
508
Calculate the highest common factor of 6630 and 45.
15
What is the greatest common factor of 399947 and 161?
23
What is the highest common factor of 11051 and 86?
43
Calculate the highest common divisor of 32 and 1526144.
32
What is the highest common divisor of 735362 and 47?
47
Calculate the greatest common divisor of 40679 and 513.
19
What is the highest common factor of 807 and 16218279?
807
Calculate the greatest common factor of 512 and 376.
8
What is the highest common factor of 4087 and 10921?
67
What is the greatest common factor of 8400 and 12656?
112
What is the greatest common divisor of 177 and 1102533?
177
Calculate the highest common factor of 30521 and 138.
23
Calculate the greatest common divisor of 4125 and 23250.
375
Calculate the highest common factor of 1952870 and 1948.
974
What is the highest common divisor of 95 and 93385?
95
What is the greatest common divisor of 2 and 15688?
2
Calculate the highest common divisor of 309309 and 117.
39
What is the highest common factor of 12 and 64788?
12
Calculate the greatest common factor of 1902663 and 81.
27
What is the highest common divisor of 209 and 10621?
19
Calculate the greatest common divisor of 228348 and 36.
36
What is the greatest common factor of 14 and 37429?
7
What is the highest common divisor of 606439 and 7769?
457
Calculate the greatest common divisor of 477 and 19239.
159
What is the highest common divisor of 435 and 633?
3
Calculate the highest common factor of 220220 and 7.
7
What is the highest common divisor of 66 and 942?
6
Calculate the highest common factor of 159166 and 168.
14
What is the highest common divisor of 3582 and 8982?
18
What is the highest common factor of 2873 and 5239?
169
What is the greatest common divisor of 57504 and 384?
96
What is the highest common factor of 33 and 44985?
3
Calculate the highest common divisor of 20015400 and 200.
200
Calculate the greatest common divisor of 27 and 2552.
1
Calculate the highest common divisor of 2754 and 35037.
153
Calculate the highest common factor of 178779 and 690.
69
What is the greatest common factor of 87552 and 2592?
288
What is the highest common factor of 596 and 532526?
298
Calculate the highest common divisor of 314 and 12403.
157
What is the highest common divisor of 6264 and 2001?
87
What is the greatest common factor of 22 and 60918?
22
What is the highest common factor of 58640 and 2720?
80
Calculate the highest common divisor of 333102 and 21.
21
Calculate the greatest common divisor of 559 and 8567.
13
Calculate the greatest common divisor of 78416 and 2366.
338
Calculate the greatest common factor of 8520 and 37914.
426
Calculate the highest common factor of 280 and 133154.
14
What is the greatest common factor of 44 and 3472051?
11
Calculate the greatest common divisor of 72 and 1150328.
8
What is the greatest common divisor of 2230 and 243739?
223
Calculate the highest common divisor of 25330 and 4930.
170
Calculate the highest common divisor of 134 and 564475.
67
Calculate the highest common factor of 819 and 28743.
39
Calculate the highest common factor of 68 and 580244.
68
What is the greatest common factor of 7678 and 4136?
22
Calculate the highest common divisor of 130408 and 216.
8
Calculate the highest common divisor of 1600 and 163840.
320
Calculate the greatest common factor of 73634 and 66.
22
Calculate the highest common divisor of 49 and 47621.
7
Calculate the greatest common factor of 9570 and 92191.
319
What is the highest common divisor of 11532 and 163866?
186
Calculate the highest common divisor of 933552 and 288.
144
What is the greatest common divisor of 5340512 and 1063?
1063
What is the highest common factor of 37 and 516335?
37
What is the greatest common factor of 20508 and 54?
6
Calculate the highest common divisor of 1325370 and 60.
30
Calculate the highest common divisor of 189205 and 1916.
479
Calculate the greatest common factor of 318846 and 528.
66
Calculate the highest common factor of 31928 and 20384.
104
What is the greatest common factor of 21427 and 35?
7
Calculate the highest common divisor of 25134 and 8307.
213
Calculate the highest common factor of 481 and 637.
13
Calculate the greatest common factor of 2367222 and 26.
26
What is the greatest common divisor of 9228 and 708?
12
What is the highest common divisor of 12 and 255504?
12
Calculate the greatest common factor of 45158 and 402.
134
Calculate the highest common divisor of 405280 and 64.
32
What is the greatest common factor of 9 and 39414?
3
What is the highest common factor of 13330 and 1426?
62
What is the greatest common divisor of 32 and 67776?
32
What is the highest common factor of 71160 and 240?
120
Calculate the greatest common divisor of 148 and 503422.
74
Calculate the greatest common factor of 152 and 2218.
2
What is the highest common factor of 783603 and 18?
9
Calculate the greatest common divisor of 446537 and 196.
49
What is the greatest common factor of 456 and 11134?
38
What is the highest common divisor of 8608 and 92805?
269
Calculate the highest common divisor of 7873 and 2.
1
Calculate the greatest common factor of 2750 and 46.
2
What is the greatest common factor of 282243 and 624?
39
What is the highest common divisor of 2744 and 81977?
343
Calculate the highest common factor of 1141 and 3521.
7
Calculate the greatest common divisor of 124173 and 6237.
567
Calculate the greatest common factor of 369 and 81.
9
What is the highest common factor of 225130 and 5640?
470
Calculate the greatest common factor of 35306 and 635.
127
Calculate the highest common divisor of 119818 and 22412.
862
Calculate the greatest common divisor of 23386 and 121.
11
What is the highest common divisor of 33670 and 60970?
910
What is the highest common factor of 1359 and 49981?
151
Calculate the greatest common factor of 49063 and 1247.
43
Calculate the greatest common factor of 316 and 30494.
158
Calculate the highest common divisor of 249750 and 370.
370
Calculate the greatest common divisor of 1500 and 53175.
75
Calculate the greatest common divisor of 400 and 186896.
16
What is the highest common divisor of 13500 and 80?
20
Calculate the greatest common factor of 40716 and 8532.
108
Calculate the greatest common factor of 68880 and 48.
48
What is the highest common divisor of 5